 What is the highest common factor of 25 and w?
25
Suppose 6 = a + t - 2*t, 0 = 3*t - 12. What is the greatest common divisor of 65 and a?
5
Let u be (-4190)/(-14) + 440/(-70) + 6. What is the greatest common divisor of u and 23?
23
Suppose 3*z + 4*y - 565 = 0, 83 + 292 = 2*z + y. Let o = -34 + 38. Let u be 170/o*(-4)/(-10). What is the greatest common divisor of u and z?
17
Let y(q) = -2*q + 6. Let v(r) = -r**2 + 5*r + 3. Let t be v(5). Let j be y(t). Let n be 63/9 - (-1 + j). What is the highest common divisor of n and 1?
1
Let t(m) be the second derivative of -7*m**3/2 - m**2/2 - 11*m. Let z be t(-6). What is the highest common factor of z and 50?
25
Let k = 2053 + -1081. Calculate the greatest common divisor of k and 12.
12
Suppose 1099 = 59*h + 273. What is the highest common factor of 378 and h?
14
Let b be 251/(-5) - 4/(-20). Let y = -23 - b. Calculate the greatest common divisor of 27 and y.
27
Let i(j) = j**2 + 2*j - 4. Let r be i(-4). Suppose 0 = -r*b - 2*k + 262, -b + 5*k - 214 = -4*b. Calculate the greatest common divisor of b and 7.
7
Let c(g) = g. Let m(j) = -6*j + 3. Let q(v) = 12*c(v) + m(v). Let l be q(3). Suppose -55*r + 52*r = -63. Calculate the greatest common divisor of l and r.
21
Suppose -c - 7 + 12 = 0. Let w be ((-18)/c)/((-16)/40). What is the highest common divisor of w and 1?
1
Let n be 4/(-2) - (24 - -7). Let g = 13 + n. Let l = -14 - g. What is the highest common divisor of 15 and l?
3
Suppose 4*c + 14 = 446. Calculate the greatest common divisor of c and 486.
54
Suppose -101 - 8 = -3*b + 5*j, -189 = -5*b + j. Calculate the highest common divisor of 1786 and b.
38
Suppose 5*c - 2*u - 94 = 0, 0 = 4*c + 4*u - 61 - 3. Let g be (-1 - (-5 + 4)) + 72. Calculate the highest common divisor of g and c.
18
Let s = -158 - -278. Let c(o) = -1. Let g(b) = 6*b - 5. Let p(q) = -c(q) - g(q). Let y be p(-7). What is the greatest common divisor of s and y?
24
Suppose -q - 3158 = -3*x - 189, -2*x - 4*q = -1970. Calculate the greatest common factor of 43 and x.
43
Let o(m) be the first derivative of 4*m**3 + 7*m**2/2 + 4*m + 61. Let i be (-84)/22 + 6/(-33). Let j be o(i). Calculate the greatest common divisor of 21 and j.
21
Let i = 229 + -82. What is the greatest common factor of i and 21?
21
Let m(n) = 9*n**2 - 2*n. Let d be m(-6). Let c be ((-5)/3)/((-7)/d). Suppose 12*l = 16*l - c. Calculate the greatest common divisor of l and 4.
4
Let m = 242 + -236. Let u = -35 - -77. What is the greatest common divisor of u and m?
6
Suppose -4*j + 158 = -66. Let l be 4*(-2)/4 - -5. Let a be (5/10)/(3*l/126). What is the greatest common divisor of a and j?
7
Suppose 18 = 18*h - 72. Suppose -m + 10 = m. Let t be (2 - m)/(3/(-20)). Calculate the greatest common factor of t and h.
5
Let d(v) = 2*v**2 - 20*v + 20. Let r be d(13). Calculate the highest common factor of 784 and r.
98
Let w = -5 - -5. Suppose w = -0*g + 3*g - 15. Let k(z) = -z**2 + 15*z - 11. Let r be k(13). Calculate the highest common factor of r and g.
5
Suppose 4 - 22 = 3*m. Let c be 1*m/15 + (-122)/(-5). What is the greatest common divisor of c and 3?
3
Let y be 9345/8 - 13/104. Calculate the greatest common factor of 73 and y.
73
Let s(n) = -2*n**3 + n**2 + 5*n + 1. Let o be s(-3). What is the greatest common factor of 147 and o?
49
Let o be (-1 - -2)*1 + 19. Let b = o + -20. Suppose 351 = 3*n - b*n. Calculate the greatest common divisor of 13 and n.
13
Let z be ((-16)/4)/(-2) - 2. Let m(h) = 13 + z*h**2 + 6*h + h**3 + 12*h**2 + 6*h. Let x be m(-11). Calculate the greatest common divisor of 22 and x.
2
Let o(i) = 101*i**2 + 3*i. Let t be o(1). Calculate the greatest common divisor of 13 and t.
13
Suppose 2*h + 7 = 3*h. Suppose -h*i = -4*i. Suppose 6*t + 139 - 361 = i. What is the highest common divisor of t and 37?
37
Let u(k) = 5*k. Let f be u(4). Let r = 56 - 102. Let m = -44 - r. Calculate the highest common divisor of m and f.
2
Let p(n) = 2*n + 12. Let x be p(-5). Suppose -4*y + 3*z = -492, x*y - 82 - 190 = -5*z. What is the highest common divisor of 18 and y?
18
Suppose y - 87 = -k, 2*k - 153 = 2*y + 3*y. Let c(p) = -17*p - 2. Let l be c(2). Let u be (l/10)/(3/(-10)). Calculate the greatest common divisor of u and k.
12
Let p = 426 - 418. Calculate the highest common divisor of p and 40.
8
Suppose -2*m = 3*v - 47, 2*m + 32 = -5*v + 73. What is the greatest common divisor of m and 1596?
28
Let c(p) = -p - 1. Let f be c(-28). Suppose -2*a = -490 - 448. Let q = a - 334. Calculate the greatest common divisor of f and q.
27
Let n(k) = k + 35. Let y be n(0). Let j(r) = r**2 + 6*r - 2. Let g = 30 - 28. Let w be j(g). Calculate the greatest common divisor of w and y.
7
Let u(q) be the second derivative of 47*q**4/12 - q**3/6 - q**2 - 3*q. Let l be u(-1). Let a be (-9)/6*l/(-3). What is the greatest common factor of 138 and a?
23
Let d be ((-175)/(-25))/((-9)/6 + 2). Calculate the highest common divisor of d and 1974.
14
Let y = 18 - 10. Suppose 0*z - y = -4*z. What is the greatest common factor of 16 and z?
2
Let i be 11/11 + 3 + 2. Suppose -2*v + 18*v - 1056 = 0. Calculate the greatest common factor of v and i.
6
Let m(d) = -d**2 + 10*d + 39. Let x be 584/56 + 4/7. Let h be m(x). Calculate the greatest common divisor of h and 168.
28
Let m(v) = 12*v + 538. Let u be m(-18). What is the highest common divisor of 207 and u?
23
Let q be -3 + (-20)/(-4)*10. Calculate the greatest common divisor of q and 611.
47
Suppose -5*y + 23 = -27. Let z(w) = w**2 - 3*w - 7. Let x be z(y). Suppose -8 - 11 = -v + 5*f, 49 = 5*v - 2*f. Calculate the highest common divisor of x and v.
9
Let y be -12*(2 + 10/(-4)). Suppose 4*h = -2*a + 34, 4*h - 25 = 4*a - 153. Let z = -15 + a. Calculate the greatest common factor of z and y.
6
Let q(r) = -302*r**3 + r**2 + 1. Let i(a) = -5*a - 56. Let t be i(-11). Let h be q(t). What is the greatest common divisor of h and 16?
16
Let v = 114 - 105. Let h(x) = -3*x**2 + 27*x + 8. Let c be h(v). Suppose 5*g - 105 = 95. Calculate the greatest common divisor of g and c.
8
Let o = -1027 - -1036. Let w = -4 - -7. Suppose 2*m = w*m - 5*t - 7, -124 = -4*m - 4*t. Calculate the highest common divisor of o and m.
9
Let j(t) = -t**3 + 8*t**2 - 7*t + 10. Let f be j(6). Let v be -2*2/10*f. Let l be (v/6)/(4/(-18)). Calculate the greatest common factor of l and 60.
12
Let l(y) = 3*y**2 - 3*y - 4. Suppose -6*a = -2*b - a - 60, 5*b - a = -104. Let s = 17 + b. Let n be l(s). What is the highest common factor of 8 and n?
8
Suppose 10 - 24 = 7*h. Let r be -24*((1 - -3) + (-7 - h)). Calculate the greatest common factor of 12 and r.
12
Suppose 3*p = p + 180. Let d = 13 - 3. Suppose 10 + d = 2*t. What is the greatest common divisor of t and p?
10
Let m = -5 + 9. Suppose 0 = m*x - 3*x - 4. Let h = -285 - -287. What is the highest common divisor of h and x?
2
Let k(s) = -2*s + 8. Let d be (-234)/(-72) - 1/4. Let n be k(d). Suppose -5*v = -2*h - 100, n*v + 3*h = v + 20. What is the greatest common factor of 120 and v?
20
Let u(g) = 8 + 5 - 10 - 3*g + 18. Let n be u(-11). What is the greatest common factor of n and 6?
6
Let z = 1129 + -304. What is the greatest common factor of 33 and z?
33
Suppose 3*u = 11*u - 192. Calculate the highest common factor of 56 and u.
8
Suppose k - 20 = -2*i, 6*k - k - 3*i - 139 = 0. What is the highest common factor of k and 117?
13
Suppose -28 = 5*a + h, -5*a + 4*h = -1 + 39. Let p = a - -2. Let f be 93 - ((5 - 3) + p). What is the highest common divisor of 38 and f?
19
Suppose -3*w + 47 = -0*w + 4*x, 0 = 4*w + 4*x - 56. Suppose 0 = 30*t - 156 - 114. What is the greatest common divisor of t and w?
9
Let x(y) = -11*y**2 - 452*y - 36. Let l be x(-41). Let o(q) = -q + 7. Let h be o(5). What is the highest common factor of l and h?
1
Let k(l) = l**2 + 6*l - 7. Let s be k(-9). Suppose 3*o = 10 + s. What is the highest common divisor of 50 and o?
10
Suppose -745 = -51*g - 133. Suppose -3 = -5*w - 2*r + 53, 4*r + 8 = 0. Calculate the greatest common divisor of w and g.
12
Let m(b) = -4*b**2 + 136. Let x be m(0). What is the greatest common factor of x and 17?
17
Suppose 8 = l + 4*v - 14, 5 = -v. What is the highest common divisor of 196 and l?
14
Let s(v) = -v**3 - 4*v**2 + 4*v - 15. Let m be s(-8). Suppose 40*c - 45*c + 55 = 0. What is the highest common divisor 